{"id":51,"date":"2015-02-14T23:04:52","date_gmt":"2015-02-14T22:04:52","guid":{"rendered":"http:\/\/wp.xn--paddelclub-berlingen-zec.de\/?page_id=51"},"modified":"2025-05-24T23:49:17","modified_gmt":"2025-05-24T21:49:17","slug":"jugend","status":"publish","type":"page","link":"https:\/\/xn--paddelclub-berlingen-zec.de\/?page_id=51","title":{"rendered":"Jugend"},"content":{"rendered":"<p><a href=\"https:\/\/xn--paddelclub-berlingen-zec.de\/wp-content\/uploads\/2025\/05\/8E0942BE-B62D-45F2-83E2-10E77D22CEA1.jpg\"><img loading=\"lazy\" decoding=\"async\" class=\"alignnone size-medium wp-image-4104\" src=\"https:\/\/xn--paddelclub-berlingen-zec.de\/wp-content\/uploads\/2025\/05\/8E0942BE-B62D-45F2-83E2-10E77D22CEA1-300x225.jpg\" alt=\"\" width=\"300\" height=\"225\" srcset=\"https:\/\/xn--paddelclub-berlingen-zec.de\/wp-content\/uploads\/2025\/05\/8E0942BE-B62D-45F2-83E2-10E77D22CEA1-300x225.jpg 300w, https:\/\/xn--paddelclub-berlingen-zec.de\/wp-content\/uploads\/2025\/05\/8E0942BE-B62D-45F2-83E2-10E77D22CEA1-768x576.jpg 768w, https:\/\/xn--paddelclub-berlingen-zec.de\/wp-content\/uploads\/2025\/05\/8E0942BE-B62D-45F2-83E2-10E77D22CEA1-624x468.jpg 624w, https:\/\/xn--paddelclub-berlingen-zec.de\/wp-content\/uploads\/2025\/05\/8E0942BE-B62D-45F2-83E2-10E77D22CEA1.jpg 840w\" sizes=\"auto, (max-width: 300px) 100vw, 300px\" \/><\/a><\/p>\n<p>Unser Nachwuchs liegt uns sehr am Herzen. Deshalb bieten wir im Sommer ein w\u00f6chentliches Kinder- und Jugendtraining an. Im Winter besteht die M\u00f6glichkeit, dank Kooperation mit umliegenden Vereinen, ein Hallenbad f\u00fcr das Eskimotiertraining mit zu nutzen.<br \/>\nDen Nachwuchs betreut Oliver Zander, mit langj\u00e4hriger Erfahrung auf Fluss\/Meer\/See, VDKS-Kanulehrer und Besitzer einer Kanuschule.<\/p>\n<p>Das Kinder- und Jugendtraining dauert ca. 2 Stunden. Termine und Uhrzeiten werden zu Saisonbeginn mit Kindern und Eltern besprochen.<\/p>\n<p><strong>Das Training findet aktuell freitags ab ca. 16:15 statt und dauert bis ca. 18:30.<\/strong><\/p>\n<p>Abstimmungen bzgl. des Trainings finden per WhatsApp Gruppe statt. Dies betrifft insbesondere Absagen, die Anzahl der Kinder, die ins Training kommen, Wetter, Training w\u00e4hrend Schulferien etc.<\/p>\n<p><strong>An- und Abmeldungen eurer Kinder f\u00fcr den Trainingstag bitte bis Freitag 08:00 Uhr morgens in diese WhatsApp Gruppe schreiben.<\/strong><\/p>\n<p>Unser Jugendtrainer muss sich entsprechend vorbereiten und auch das n\u00f6tige Trainingsmaterial bereitstellen.<\/p>\n<p>Kurzfristige Absagen des Trainings aufgrund gef\u00e4hrlicher Wetterbedingungen je nach Trainingsstand der teilnehmenden Kinder sind m\u00f6glich. Das kann im ung\u00fcnstigsten Fall auch erst vor Ort geschehen.<\/p>\n<p>Wir bitten um Verst\u00e4ndnis, dass nur Kinder und Jugendliche mit absolut sicheren Schwimmkenntnissen und ohne Angst vor dem Wasser in die Trainingsgruppe aufgenommen werden k\u00f6nnen. Die Entscheidung \u00fcber die Aufnahme ins Training obliegt unserem Jugendtrainer. Die Sicherheit aller teilnehmenden Kinder und Jugendlichen hat h\u00f6chste Priorit\u00e4t.<\/p>\n<p><strong>Auch Nichtmitglieder k\u00f6nnen dieses Angebot nutzen!<\/strong> Nach einigen Schnuppereinheiten ist eine unkomplizierte Aufnahme in den Verein m\u00f6glich.<\/p>\n<p>Interesse geweckt?<br \/>\nDann meldet euch bei uns \u00fcber das <strong>Kontaktformular mit Angabe eurer Handy-Nummer f\u00fcr die Aufnahme in die WhatsApp Gruppe:<\/strong><br \/>\n\n<div class=\"wpcf7 no-js\" id=\"wpcf7-f225-o1\" lang=\"de-DE\" dir=\"ltr\" data-wpcf7-id=\"225\">\n<div class=\"screen-reader-response\"><p role=\"status\" aria-live=\"polite\" aria-atomic=\"true\"><\/p> <ul><\/ul><\/div>\n<form action=\"\/index.php?rest_route=%2Fwp%2Fv2%2Fpages%2F51#wpcf7-f225-o1\" method=\"post\" class=\"wpcf7-form init\" aria-label=\"Kontaktformular\" novalidate=\"novalidate\" data-status=\"init\">\n<fieldset class=\"hidden-fields-container\"><input type=\"hidden\" name=\"_wpcf7\" value=\"225\" \/><input type=\"hidden\" name=\"_wpcf7_version\" value=\"6.1.5\" \/><input type=\"hidden\" name=\"_wpcf7_locale\" value=\"de_DE\" \/><input type=\"hidden\" name=\"_wpcf7_unit_tag\" value=\"wpcf7-f225-o1\" \/><input type=\"hidden\" name=\"_wpcf7_container_post\" value=\"0\" \/><input type=\"hidden\" name=\"_wpcf7_posted_data_hash\" value=\"\" \/>\n<\/fieldset>\n<p>Ihr Name (Pflichtfeld)\n<\/p>\n<p><span class=\"wpcf7-form-control-wrap\" data-name=\"your-name\"><input size=\"40\" maxlength=\"400\" class=\"wpcf7-form-control wpcf7-text wpcf7-validates-as-required\" aria-required=\"true\" aria-invalid=\"false\" value=\"\" type=\"text\" name=\"your-name\" \/><\/span>\n<\/p>\n<p>Ihre E-Mail-Adresse (Pflichtfeld)\n<\/p>\n<p><span class=\"wpcf7-form-control-wrap\" data-name=\"your-email\"><input size=\"40\" maxlength=\"400\" class=\"wpcf7-form-control wpcf7-email wpcf7-validates-as-required wpcf7-text wpcf7-validates-as-email\" aria-required=\"true\" aria-invalid=\"false\" value=\"\" type=\"email\" name=\"your-email\" \/><\/span>\n<\/p>\n<p>Ihre Handy-Nummer f\u00fcr die WhatsApp Gruppe (Pflichtfeld)\n<\/p>\n<p><span class=\"wpcf7-form-control-wrap\" data-name=\"tel-handy\"><input size=\"40\" maxlength=\"400\" class=\"wpcf7-form-control wpcf7-tel wpcf7-validates-as-required wpcf7-text wpcf7-validates-as-tel\" aria-required=\"true\" aria-invalid=\"false\" value=\"\" type=\"tel\" name=\"tel-handy\" \/><\/span>\n<\/p>\n<p>Betreff\n<\/p>\n<p><span class=\"wpcf7-form-control-wrap\" data-name=\"your-subject\"><input size=\"40\" maxlength=\"400\" class=\"wpcf7-form-control wpcf7-text\" aria-invalid=\"false\" value=\"\" type=\"text\" name=\"your-subject\" \/><\/span>\n<\/p>\n<p>Ihre Nachricht\n<\/p>\n<p><span class=\"wpcf7-form-control-wrap\" data-name=\"your-message\"><textarea cols=\"40\" rows=\"10\" maxlength=\"2000\" class=\"wpcf7-form-control wpcf7-textarea\" aria-invalid=\"false\" name=\"your-message\"><\/textarea><\/span>\n<\/p>\n<p><span class=\"wpcf7-form-control-wrap\" data-name=\"quiz-917\"><label><span class=\"wpcf7-quiz-label\">6*3=?<\/span> <input size=\"40\" class=\"wpcf7-form-control wpcf7-quiz\" autocomplete=\"off\" aria-required=\"true\" aria-invalid=\"false\" type=\"text\" name=\"quiz-917\" \/><\/label><input type=\"hidden\" name=\"_wpcf7_quiz_answer_quiz-917\" value=\"de5f3902b5f959732e4222fd97478d0d\" \/><\/span>\n<\/p>\n<p><input class=\"wpcf7-form-control wpcf7-submit has-spinner\" type=\"submit\" value=\"Senden\" \/>\n<\/p><p style=\"display: none !important;\" class=\"akismet-fields-container\" data-prefix=\"_wpcf7_ak_\"><label>&#916;<textarea name=\"_wpcf7_ak_hp_textarea\" cols=\"45\" rows=\"8\" maxlength=\"100\"><\/textarea><\/label><input type=\"hidden\" id=\"ak_js_1\" name=\"_wpcf7_ak_js\" value=\"115\"\/><script>document.getElementById( \"ak_js_1\" ).setAttribute( \"value\", ( new Date() ).getTime() );<\/script><\/p><div class=\"wpcf7-response-output\" aria-hidden=\"true\"><\/div>\n<\/form>\n<\/div>\n<\/p>\n","protected":false},"excerpt":{"rendered":"<p>Unser Nachwuchs liegt uns sehr am Herzen. Deshalb bieten wir im Sommer ein w\u00f6chentliches Kinder- und Jugendtraining an. Im Winter besteht die M\u00f6glichkeit, dank Kooperation mit umliegenden Vereinen, ein Hallenbad f\u00fcr das Eskimotiertraining mit zu nutzen. Den Nachwuchs betreut Oliver Zander, mit langj\u00e4hriger Erfahrung auf Fluss\/Meer\/See, VDKS-Kanulehrer und Besitzer einer Kanuschule. Das Kinder- und Jugendtraining [&hellip;]<\/p>\n","protected":false},"author":1,"featured_media":0,"parent":43,"menu_order":4,"comment_status":"closed","ping_status":"closed","template":"","meta":{"footnotes":""},"class_list":["post-51","page","type-page","status-publish","hentry"],"_links":{"self":[{"href":"https:\/\/xn--paddelclub-berlingen-zec.de\/index.php?rest_route=\/wp\/v2\/pages\/51","targetHints":{"allow":["GET"]}}],"collection":[{"href":"https:\/\/xn--paddelclub-berlingen-zec.de\/index.php?rest_route=\/wp\/v2\/pages"}],"about":[{"href":"https:\/\/xn--paddelclub-berlingen-zec.de\/index.php?rest_route=\/wp\/v2\/types\/page"}],"author":[{"embeddable":true,"href":"https:\/\/xn--paddelclub-berlingen-zec.de\/index.php?rest_route=\/wp\/v2\/users\/1"}],"replies":[{"embeddable":true,"href":"https:\/\/xn--paddelclub-berlingen-zec.de\/index.php?rest_route=%2Fwp%2Fv2%2Fcomments&post=51"}],"version-history":[{"count":10,"href":"https:\/\/xn--paddelclub-berlingen-zec.de\/index.php?rest_route=\/wp\/v2\/pages\/51\/revisions"}],"predecessor-version":[{"id":4105,"href":"https:\/\/xn--paddelclub-berlingen-zec.de\/index.php?rest_route=\/wp\/v2\/pages\/51\/revisions\/4105"}],"up":[{"embeddable":true,"href":"https:\/\/xn--paddelclub-berlingen-zec.de\/index.php?rest_route=\/wp\/v2\/pages\/43"}],"wp:attachment":[{"href":"https:\/\/xn--paddelclub-berlingen-zec.de\/index.php?rest_route=%2Fwp%2Fv2%2Fmedia&parent=51"}],"curies":[{"name":"wp","href":"https:\/\/api.w.org\/{rel}","templated":true}]}}

<p><a href="https://xn--paddelclub-berlingen-zec.de/wp-content/uploads/2025/05/8E0942BE-B62D-45F2-83E2-10E77D22CEA1.jpg"><img loading="lazy" decoding="async" class="alignnone size-medium wp-image-4104" src="https://xn--paddelclub-berlingen-zec.de/wp-content/uploads/2025/05/8E0942BE-B62D-45F2-83E2-10E77D22CEA1-300x225.jpg" alt="" width="300" height="225" srcset="https://xn--paddelclub-berlingen-zec.de/wp-content/uploads/2025/05/8E0942BE-B62D-45F2-83E2-10E77D22CEA1-300x225.jpg 300w, https://xn--paddelclub-berlingen-zec.de/wp-content/uploads/2025/05/8E0942BE-B62D-45F2-83E2-10E77D22CEA1-768x576.jpg 768w, https://xn--paddelclub-berlingen-zec.de/wp-content/uploads/2025/05/8E0942BE-B62D-45F2-83E2-10E77D22CEA1-624x468.jpg 624w, https://xn--paddelclub-berlingen-zec.de/wp-content/uploads/2025/05/8E0942BE-B62D-45F2-83E2-10E77D22CEA1.jpg 840w" sizes="auto, (max-width: 300px) 100vw, 300px" /></a></p>
<p>Unser Nachwuchs liegt uns sehr am Herzen. Deshalb bieten wir im Sommer ein wöchentliches Kinder- und Jugendtraining an. Im Winter besteht die Möglichkeit, dank Kooperation mit umliegenden Vereinen, ein Hallenbad für das Eskimotiertraining mit zu nutzen.<br />
Den Nachwuchs betreut Oliver Zander, mit langjähriger Erfahrung auf Fluss/Meer/See, VDKS-Kanulehrer und Besitzer einer Kanuschule.</p>
<p>Das Kinder- und Jugendtraining dauert ca. 2 Stunden. Termine und Uhrzeiten werden zu Saisonbeginn mit Kindern und Eltern besprochen.</p>
<p><strong>Das Training findet aktuell freitags ab ca. 16:15 statt und dauert bis ca. 18:30.</strong></p>
<p>Abstimmungen bzgl. des Trainings finden per WhatsApp Gruppe statt. Dies betrifft insbesondere Absagen, die Anzahl der Kinder, die ins Training kommen, Wetter, Training während Schulferien etc.</p>
<p><strong>An- und Abmeldungen eurer Kinder für den Trainingstag bitte bis Freitag 08:00 Uhr morgens in diese WhatsApp Gruppe schreiben.</strong></p>
<p>Unser Jugendtrainer muss sich entsprechend vorbereiten und auch das nötige Trainingsmaterial bereitstellen.</p>
<p>Kurzfristige Absagen des Trainings aufgrund gefährlicher Wetterbedingungen je nach Trainingsstand der teilnehmenden Kinder sind möglich. Das kann im ungünstigsten Fall auch erst vor Ort geschehen.</p>
<p>Wir bitten um Verständnis, dass nur Kinder und Jugendliche mit absolut sicheren Schwimmkenntnissen und ohne Angst vor dem Wasser in die Trainingsgruppe aufgenommen werden können. Die Entscheidung über die Aufnahme ins Training obliegt unserem Jugendtrainer. Die Sicherheit aller teilnehmenden Kinder und Jugendlichen hat höchste Priorität.</p>
<p><strong>Auch Nichtmitglieder können dieses Angebot nutzen!</strong> Nach einigen Schnuppereinheiten ist eine unkomplizierte Aufnahme in den Verein möglich.</p>
<p>Interesse geweckt?<br />
Dann meldet euch bei uns über das <strong>Kontaktformular mit Angabe eurer Handy-Nummer für die Aufnahme in die WhatsApp Gruppe:</strong><br />

<div class="wpcf7 no-js" id="wpcf7-f225-o1" lang="de-DE" dir="ltr" data-wpcf7-id="225">
<div class="screen-reader-response"><p role="status" aria-live="polite" aria-atomic="true"></p> <ul></ul></div>
<form action="/index.php?rest_route=%2Fwp%2Fv2%2Fpages%2F51#wpcf7-f225-o1" method="post" class="wpcf7-form init" aria-label="Kontaktformular" novalidate="novalidate" data-status="init">
<fieldset class="hidden-fields-container"><input type="hidden" name="_wpcf7" value="225" /><input type="hidden" name="_wpcf7_version" value="6.1.5" /><input type="hidden" name="_wpcf7_locale" value="de_DE" /><input type="hidden" name="_wpcf7_unit_tag" value="wpcf7-f225-o1" /><input type="hidden" name="_wpcf7_container_post" value="0" /><input type="hidden" name="_wpcf7_posted_data_hash" value="" />
</fieldset>
<p>Ihr Name (Pflichtfeld)
</p>
<p><span class="wpcf7-form-control-wrap" data-name="your-name"><input size="40" maxlength="400" class="wpcf7-form-control wpcf7-text wpcf7-validates-as-required" aria-required="true" aria-invalid="false" value="" type="text" name="your-name" /></span>
</p>
<p>Ihre E-Mail-Adresse (Pflichtfeld)
</p>
<p><span class="wpcf7-form-control-wrap" data-name="your-email"><input size="40" maxlength="400" class="wpcf7-form-control wpcf7-email wpcf7-validates-as-required wpcf7-text wpcf7-validates-as-email" aria-required="true" aria-invalid="false" value="" type="email" name="your-email" /></span>
</p>
<p>Ihre Handy-Nummer für die WhatsApp Gruppe (Pflichtfeld)
</p>
<p><span class="wpcf7-form-control-wrap" data-name="tel-handy"><input size="40" maxlength="400" class="wpcf7-form-control wpcf7-tel wpcf7-validates-as-required wpcf7-text wpcf7-validates-as-tel" aria-required="true" aria-invalid="false" value="" type="tel" name="tel-handy" /></span>
</p>
<p>Betreff
</p>
<p><span class="wpcf7-form-control-wrap" data-name="your-subject"><input size="40" maxlength="400" class="wpcf7-form-control wpcf7-text" aria-invalid="false" value="" type="text" name="your-subject" /></span>
</p>
<p>Ihre Nachricht
</p>
<p><span class="wpcf7-form-control-wrap" data-name="your-message"><textarea cols="40" rows="10" maxlength="2000" class="wpcf7-form-control wpcf7-textarea" aria-invalid="false" name="your-message"></textarea></span>
</p>
<p><span class="wpcf7-form-control-wrap" data-name="quiz-917"><label><span class="wpcf7-quiz-label">6*3=?</span> <input size="40" class="wpcf7-form-control wpcf7-quiz" autocomplete="off" aria-required="true" aria-invalid="false" type="text" name="quiz-917" /></label><input type="hidden" name="_wpcf7_quiz_answer_quiz-917" value="de5f3902b5f959732e4222fd97478d0d" /></span>
</p>
<p><input class="wpcf7-form-control wpcf7-submit has-spinner" type="submit" value="Senden" />
</p><p style="display: none !important;" class="akismet-fields-container" data-prefix="_wpcf7_ak_"><label>&#916;<textarea name="_wpcf7_ak_hp_textarea" cols="45" rows="8" maxlength="100"></textarea></label><input type="hidden" id="ak_js_1" name="_wpcf7_ak_js" value="115"/><script>document.getElementById( "ak_js_1" ).setAttribute( "value", ( new Date() ).getTime() );</script></p><div class="wpcf7-response-output" aria-hidden="true"></div>
</form>
</div>
</p>

<p>Unser Nachwuchs liegt uns sehr am Herzen. Deshalb bieten wir im Sommer ein wöchentliches Kinder- und Jugendtraining an. Im Winter besteht die Möglichkeit, dank Kooperation mit umliegenden Vereinen, ein Hallenbad für das Eskimotiertraining mit zu nutzen. Den Nachwuchs betreut Oliver Zander, mit langjähriger Erfahrung auf Fluss/Meer/See, VDKS-Kanulehrer und Besitzer einer Kanuschule. Das Kinder- und Jugendtraining [&hellip;]</p>
