{"id":2893,"date":"2021-02-20T13:11:27","date_gmt":"2021-02-20T12:11:27","guid":{"rendered":"https:\/\/xn--paddelclub-berlingen-zec.de\/?page_id=2893"},"modified":"2021-02-20T13:33:59","modified_gmt":"2021-02-20T12:33:59","slug":"verbandsfahrt-nach-berlin-an-dahme-spree","status":"publish","type":"page","link":"https:\/\/xn--paddelclub-berlingen-zec.de\/?page_id=2893","title":{"rendered":"Verbandsfahrt nach Berlin an Dahme-Spree"},"content":{"rendered":"\n<p>20.04.-26.04.2019<\/p>\n\n\n<p><strong>Mit dem Kanuverband BW am Krossinsee an Ostern 2019<\/strong><br \/>Ende April fuhren Annette und Timo zur Verbandsfahrt an den Krossinsee vor den<br \/>Toren Berlins.<br \/>Soviel vorweg: Es war eine wunderbare Erfahrung, 6 Paddeltage auf<br \/>verwunschenen Kan\u00e4len, \u00fcber unz\u00e4hlbar viele kleine und gr\u00f6\u00dfere Seen, durch<br \/>stille Natur oder mitten durch die Gro\u00dfstadt. Jeder Tag ein anderes<br \/>gro\u00dfartiges Erlebnis.<br \/>\u00dcber 100 Teilnehmer waren auf dem Campingplatz direkt am Krossinsee in<br \/>Zimmern, Fewo, Campingwagen&#8230; oder im eigenen Zelt untergebracht.<br \/>Ralf, unser Tourenleiter, hatte die Ausfl\u00fcge organisiert.<br \/>Ralf ist in K\u00f6penick im Kanurennsport gro\u00df geworden und kennt das Revier<br \/>bestens. Er hatte uns sehr abwechslungsreiche Touren ausgesucht und super<br \/>organisiert. Meist in 3 Gruppen waren wir zwischen gut 15 und knapp 40<br \/>Tageskilometern unterwegs. Dazu wu\u00dfte er uns vieles \u00fcber Geschichte und<br \/>Lebensart der Region zu erz\u00e4hlen. Auch ein Besuch in einem Restaurant, das<br \/>sich wie vor dem Mauerfall erhalten hat auch mit entsprechender Speisekarte,<br \/>geh\u00f6rte dazu. So manch ein Paddler aus dem ehemaligen Osten kam ob des<br \/>Geschmackes ins Schw\u00e4rmen.<br \/>Und dazu hatten wir fast schon sommerliches Traumwetter und ab und an<br \/>auch richtig Wind.<br \/>La\u00dft Euch von den Fotos begeistern!<br \/><em>Text: Annette Fotos: Timo <br \/><\/em><\/p>\n\n\n<figure class=\"wp-block-gallery columns-3 is-cropped wp-block-gallery-1 is-layout-flex wp-block-gallery-is-layout-flex\"><ul class=\"blocks-gallery-grid\"><li class=\"blocks-gallery-item\"><figure><a href=\"https:\/\/xn--paddelclub-berlingen-zec.de\/?attachment_id=2896\"><img loading=\"lazy\" decoding=\"async\" width=\"1600\" height=\"1200\" src=\"https:\/\/xn--paddelclub-berlingen-zec.de\/wp-content\/uploads\/2021\/02\/K1600_20190420_164939_resized.jpg\" alt=\"\" data-id=\"2896\" data-full-url=\"https:\/\/xn--paddelclub-berlingen-zec.de\/wp-content\/uploads\/2021\/02\/K1600_20190420_164939_resized.jpg\" data-link=\"https:\/\/xn--paddelclub-berlingen-zec.de\/?attachment_id=2896\" class=\"wp-image-2896\" srcset=\"https:\/\/xn--paddelclub-berlingen-zec.de\/wp-content\/uploads\/2021\/02\/K1600_20190420_164939_resized.jpg 1600w, https:\/\/xn--paddelclub-berlingen-zec.de\/wp-content\/uploads\/2021\/02\/K1600_20190420_164939_resized-300x225.jpg 300w, https:\/\/xn--paddelclub-berlingen-zec.de\/wp-content\/uploads\/2021\/02\/K1600_20190420_164939_resized-1024x768.jpg 1024w, https:\/\/xn--paddelclub-berlingen-zec.de\/wp-content\/uploads\/2021\/02\/K1600_20190420_164939_resized-768x576.jpg 768w, https:\/\/xn--paddelclub-berlingen-zec.de\/wp-content\/uploads\/2021\/02\/K1600_20190420_164939_resized-1536x1152.jpg 1536w, https:\/\/xn--paddelclub-berlingen-zec.de\/wp-content\/uploads\/2021\/02\/K1600_20190420_164939_resized-624x468.jpg 624w, https:\/\/xn--paddelclub-berlingen-zec.de\/wp-content\/uploads\/2021\/02\/K1600_20190420_164939_resized-1320x990.jpg 1320w\" sizes=\"auto, (max-width: 1600px) 100vw, 1600px\" \/><\/a><\/figure><\/li><li class=\"blocks-gallery-item\"><figure><a href=\"https:\/\/xn--paddelclub-berlingen-zec.de\/?attachment_id=2897\"><img loading=\"lazy\" decoding=\"async\" width=\"1600\" height=\"1200\" src=\"https:\/\/xn--paddelclub-berlingen-zec.de\/wp-content\/uploads\/2021\/02\/K1600_P1040230.jpg\" alt=\"\" data-id=\"2897\" data-full-url=\"https:\/\/xn--paddelclub-berlingen-zec.de\/wp-content\/uploads\/2021\/02\/K1600_P1040230.jpg\" data-link=\"https:\/\/xn--paddelclub-berlingen-zec.de\/?attachment_id=2897\" class=\"wp-image-2897\" srcset=\"https:\/\/xn--paddelclub-berlingen-zec.de\/wp-content\/uploads\/2021\/02\/K1600_P1040230.jpg 1600w, https:\/\/xn--paddelclub-berlingen-zec.de\/wp-content\/uploads\/2021\/02\/K1600_P1040230-300x225.jpg 300w, https:\/\/xn--paddelclub-berlingen-zec.de\/wp-content\/uploads\/2021\/02\/K1600_P1040230-1024x768.jpg 1024w, https:\/\/xn--paddelclub-berlingen-zec.de\/wp-content\/uploads\/2021\/02\/K1600_P1040230-768x576.jpg 768w, https:\/\/xn--paddelclub-berlingen-zec.de\/wp-content\/uploads\/2021\/02\/K1600_P1040230-1536x1152.jpg 1536w, https:\/\/xn--paddelclub-berlingen-zec.de\/wp-content\/uploads\/2021\/02\/K1600_P1040230-624x468.jpg 624w, https:\/\/xn--paddelclub-berlingen-zec.de\/wp-content\/uploads\/2021\/02\/K1600_P1040230-1320x990.jpg 1320w\" sizes=\"auto, (max-width: 1600px) 100vw, 1600px\" \/><\/a><\/figure><\/li><li class=\"blocks-gallery-item\"><figure><a href=\"https:\/\/xn--paddelclub-berlingen-zec.de\/?attachment_id=2898\"><img loading=\"lazy\" decoding=\"async\" width=\"1600\" height=\"1200\" src=\"https:\/\/xn--paddelclub-berlingen-zec.de\/wp-content\/uploads\/2021\/02\/K1600_P1040232.jpg\" alt=\"\" data-id=\"2898\" data-full-url=\"https:\/\/xn--paddelclub-berlingen-zec.de\/wp-content\/uploads\/2021\/02\/K1600_P1040232.jpg\" data-link=\"https:\/\/xn--paddelclub-berlingen-zec.de\/?attachment_id=2898\" class=\"wp-image-2898\" srcset=\"https:\/\/xn--paddelclub-berlingen-zec.de\/wp-content\/uploads\/2021\/02\/K1600_P1040232.jpg 1600w, https:\/\/xn--paddelclub-berlingen-zec.de\/wp-content\/uploads\/2021\/02\/K1600_P1040232-300x225.jpg 300w, https:\/\/xn--paddelclub-berlingen-zec.de\/wp-content\/uploads\/2021\/02\/K1600_P1040232-1024x768.jpg 1024w, https:\/\/xn--paddelclub-berlingen-zec.de\/wp-content\/uploads\/2021\/02\/K1600_P1040232-768x576.jpg 768w, https:\/\/xn--paddelclub-berlingen-zec.de\/wp-content\/uploads\/2021\/02\/K1600_P1040232-1536x1152.jpg 1536w, https:\/\/xn--paddelclub-berlingen-zec.de\/wp-content\/uploads\/2021\/02\/K1600_P1040232-624x468.jpg 624w, https:\/\/xn--paddelclub-berlingen-zec.de\/wp-content\/uploads\/2021\/02\/K1600_P1040232-1320x990.jpg 1320w\" sizes=\"auto, (max-width: 1600px) 100vw, 1600px\" \/><\/a><\/figure><\/li><li class=\"blocks-gallery-item\"><figure><a href=\"https:\/\/xn--paddelclub-berlingen-zec.de\/?attachment_id=2899\"><img loading=\"lazy\" decoding=\"async\" width=\"1600\" height=\"1200\" src=\"https:\/\/xn--paddelclub-berlingen-zec.de\/wp-content\/uploads\/2021\/02\/K1600_P1040242.jpg\" alt=\"\" data-id=\"2899\" data-full-url=\"https:\/\/xn--paddelclub-berlingen-zec.de\/wp-content\/uploads\/2021\/02\/K1600_P1040242.jpg\" data-link=\"https:\/\/xn--paddelclub-berlingen-zec.de\/?attachment_id=2899\" class=\"wp-image-2899\" srcset=\"https:\/\/xn--paddelclub-berlingen-zec.de\/wp-content\/uploads\/2021\/02\/K1600_P1040242.jpg 1600w, https:\/\/xn--paddelclub-berlingen-zec.de\/wp-content\/uploads\/2021\/02\/K1600_P1040242-300x225.jpg 300w, https:\/\/xn--paddelclub-berlingen-zec.de\/wp-content\/uploads\/2021\/02\/K1600_P1040242-1024x768.jpg 1024w, https:\/\/xn--paddelclub-berlingen-zec.de\/wp-content\/uploads\/2021\/02\/K1600_P1040242-768x576.jpg 768w, https:\/\/xn--paddelclub-berlingen-zec.de\/wp-content\/uploads\/2021\/02\/K1600_P1040242-1536x1152.jpg 1536w, https:\/\/xn--paddelclub-berlingen-zec.de\/wp-content\/uploads\/2021\/02\/K1600_P1040242-624x468.jpg 624w, https:\/\/xn--paddelclub-berlingen-zec.de\/wp-content\/uploads\/2021\/02\/K1600_P1040242-1320x990.jpg 1320w\" sizes=\"auto, (max-width: 1600px) 100vw, 1600px\" \/><\/a><\/figure><\/li><li class=\"blocks-gallery-item\"><figure><a href=\"https:\/\/xn--paddelclub-berlingen-zec.de\/?attachment_id=2900\"><img loading=\"lazy\" decoding=\"async\" width=\"1600\" height=\"1200\" src=\"https:\/\/xn--paddelclub-berlingen-zec.de\/wp-content\/uploads\/2021\/02\/K1600_P1040265.jpg\" alt=\"\" data-id=\"2900\" data-full-url=\"https:\/\/xn--paddelclub-berlingen-zec.de\/wp-content\/uploads\/2021\/02\/K1600_P1040265.jpg\" data-link=\"https:\/\/xn--paddelclub-berlingen-zec.de\/?attachment_id=2900\" class=\"wp-image-2900\" srcset=\"https:\/\/xn--paddelclub-berlingen-zec.de\/wp-content\/uploads\/2021\/02\/K1600_P1040265.jpg 1600w, https:\/\/xn--paddelclub-berlingen-zec.de\/wp-content\/uploads\/2021\/02\/K1600_P1040265-300x225.jpg 300w, https:\/\/xn--paddelclub-berlingen-zec.de\/wp-content\/uploads\/2021\/02\/K1600_P1040265-1024x768.jpg 1024w, https:\/\/xn--paddelclub-berlingen-zec.de\/wp-content\/uploads\/2021\/02\/K1600_P1040265-768x576.jpg 768w, https:\/\/xn--paddelclub-berlingen-zec.de\/wp-content\/uploads\/2021\/02\/K1600_P1040265-1536x1152.jpg 1536w, https:\/\/xn--paddelclub-berlingen-zec.de\/wp-content\/uploads\/2021\/02\/K1600_P1040265-624x468.jpg 624w, https:\/\/xn--paddelclub-berlingen-zec.de\/wp-content\/uploads\/2021\/02\/K1600_P1040265-1320x990.jpg 1320w\" sizes=\"auto, (max-width: 1600px) 100vw, 1600px\" \/><\/a><\/figure><\/li><li class=\"blocks-gallery-item\"><figure><a href=\"https:\/\/xn--paddelclub-berlingen-zec.de\/?attachment_id=2901\"><img loading=\"lazy\" decoding=\"async\" width=\"1600\" height=\"1200\" src=\"https:\/\/xn--paddelclub-berlingen-zec.de\/wp-content\/uploads\/2021\/02\/K1600_P1040270.jpg\" alt=\"\" data-id=\"2901\" data-full-url=\"https:\/\/xn--paddelclub-berlingen-zec.de\/wp-content\/uploads\/2021\/02\/K1600_P1040270.jpg\" data-link=\"https:\/\/xn--paddelclub-berlingen-zec.de\/?attachment_id=2901\" class=\"wp-image-2901\" srcset=\"https:\/\/xn--paddelclub-berlingen-zec.de\/wp-content\/uploads\/2021\/02\/K1600_P1040270.jpg 1600w, https:\/\/xn--paddelclub-berlingen-zec.de\/wp-content\/uploads\/2021\/02\/K1600_P1040270-300x225.jpg 300w, https:\/\/xn--paddelclub-berlingen-zec.de\/wp-content\/uploads\/2021\/02\/K1600_P1040270-1024x768.jpg 1024w, https:\/\/xn--paddelclub-berlingen-zec.de\/wp-content\/uploads\/2021\/02\/K1600_P1040270-768x576.jpg 768w, https:\/\/xn--paddelclub-berlingen-zec.de\/wp-content\/uploads\/2021\/02\/K1600_P1040270-1536x1152.jpg 1536w, https:\/\/xn--paddelclub-berlingen-zec.de\/wp-content\/uploads\/2021\/02\/K1600_P1040270-624x468.jpg 624w, https:\/\/xn--paddelclub-berlingen-zec.de\/wp-content\/uploads\/2021\/02\/K1600_P1040270-1320x990.jpg 1320w\" sizes=\"auto, (max-width: 1600px) 100vw, 1600px\" \/><\/a><\/figure><\/li><li class=\"blocks-gallery-item\"><figure><a href=\"https:\/\/xn--paddelclub-berlingen-zec.de\/?attachment_id=2902\"><img loading=\"lazy\" decoding=\"async\" width=\"1600\" height=\"1200\" src=\"https:\/\/xn--paddelclub-berlingen-zec.de\/wp-content\/uploads\/2021\/02\/K1600_P1040285.jpg\" alt=\"\" data-id=\"2902\" data-full-url=\"https:\/\/xn--paddelclub-berlingen-zec.de\/wp-content\/uploads\/2021\/02\/K1600_P1040285.jpg\" data-link=\"https:\/\/xn--paddelclub-berlingen-zec.de\/?attachment_id=2902\" class=\"wp-image-2902\" srcset=\"https:\/\/xn--paddelclub-berlingen-zec.de\/wp-content\/uploads\/2021\/02\/K1600_P1040285.jpg 1600w, https:\/\/xn--paddelclub-berlingen-zec.de\/wp-content\/uploads\/2021\/02\/K1600_P1040285-300x225.jpg 300w, https:\/\/xn--paddelclub-berlingen-zec.de\/wp-content\/uploads\/2021\/02\/K1600_P1040285-1024x768.jpg 1024w, https:\/\/xn--paddelclub-berlingen-zec.de\/wp-content\/uploads\/2021\/02\/K1600_P1040285-768x576.jpg 768w, https:\/\/xn--paddelclub-berlingen-zec.de\/wp-content\/uploads\/2021\/02\/K1600_P1040285-1536x1152.jpg 1536w, https:\/\/xn--paddelclub-berlingen-zec.de\/wp-content\/uploads\/2021\/02\/K1600_P1040285-624x468.jpg 624w, https:\/\/xn--paddelclub-berlingen-zec.de\/wp-content\/uploads\/2021\/02\/K1600_P1040285-1320x990.jpg 1320w\" sizes=\"auto, (max-width: 1600px) 100vw, 1600px\" \/><\/a><\/figure><\/li><li class=\"blocks-gallery-item\"><figure><a href=\"https:\/\/xn--paddelclub-berlingen-zec.de\/?attachment_id=2903\"><img loading=\"lazy\" decoding=\"async\" width=\"1600\" height=\"1200\" src=\"https:\/\/xn--paddelclub-berlingen-zec.de\/wp-content\/uploads\/2021\/02\/K1600_P1040300.jpg\" alt=\"\" data-id=\"2903\" data-full-url=\"https:\/\/xn--paddelclub-berlingen-zec.de\/wp-content\/uploads\/2021\/02\/K1600_P1040300.jpg\" data-link=\"https:\/\/xn--paddelclub-berlingen-zec.de\/?attachment_id=2903\" class=\"wp-image-2903\" srcset=\"https:\/\/xn--paddelclub-berlingen-zec.de\/wp-content\/uploads\/2021\/02\/K1600_P1040300.jpg 1600w, https:\/\/xn--paddelclub-berlingen-zec.de\/wp-content\/uploads\/2021\/02\/K1600_P1040300-300x225.jpg 300w, https:\/\/xn--paddelclub-berlingen-zec.de\/wp-content\/uploads\/2021\/02\/K1600_P1040300-1024x768.jpg 1024w, https:\/\/xn--paddelclub-berlingen-zec.de\/wp-content\/uploads\/2021\/02\/K1600_P1040300-768x576.jpg 768w, https:\/\/xn--paddelclub-berlingen-zec.de\/wp-content\/uploads\/2021\/02\/K1600_P1040300-1536x1152.jpg 1536w, https:\/\/xn--paddelclub-berlingen-zec.de\/wp-content\/uploads\/2021\/02\/K1600_P1040300-624x468.jpg 624w, https:\/\/xn--paddelclub-berlingen-zec.de\/wp-content\/uploads\/2021\/02\/K1600_P1040300-1320x990.jpg 1320w\" sizes=\"auto, (max-width: 1600px) 100vw, 1600px\" \/><\/a><\/figure><\/li><li class=\"blocks-gallery-item\"><figure><a href=\"https:\/\/xn--paddelclub-berlingen-zec.de\/?attachment_id=2904\"><img loading=\"lazy\" decoding=\"async\" width=\"1600\" height=\"1200\" src=\"https:\/\/xn--paddelclub-berlingen-zec.de\/wp-content\/uploads\/2021\/02\/K1600_P1040313.jpg\" alt=\"\" data-id=\"2904\" data-full-url=\"https:\/\/xn--paddelclub-berlingen-zec.de\/wp-content\/uploads\/2021\/02\/K1600_P1040313.jpg\" data-link=\"https:\/\/xn--paddelclub-berlingen-zec.de\/?attachment_id=2904\" class=\"wp-image-2904\" srcset=\"https:\/\/xn--paddelclub-berlingen-zec.de\/wp-content\/uploads\/2021\/02\/K1600_P1040313.jpg 1600w, https:\/\/xn--paddelclub-berlingen-zec.de\/wp-content\/uploads\/2021\/02\/K1600_P1040313-300x225.jpg 300w, https:\/\/xn--paddelclub-berlingen-zec.de\/wp-content\/uploads\/2021\/02\/K1600_P1040313-1024x768.jpg 1024w, https:\/\/xn--paddelclub-berlingen-zec.de\/wp-content\/uploads\/2021\/02\/K1600_P1040313-768x576.jpg 768w, https:\/\/xn--paddelclub-berlingen-zec.de\/wp-content\/uploads\/2021\/02\/K1600_P1040313-1536x1152.jpg 1536w, https:\/\/xn--paddelclub-berlingen-zec.de\/wp-content\/uploads\/2021\/02\/K1600_P1040313-624x468.jpg 624w, https:\/\/xn--paddelclub-berlingen-zec.de\/wp-content\/uploads\/2021\/02\/K1600_P1040313-1320x990.jpg 1320w\" sizes=\"auto, (max-width: 1600px) 100vw, 1600px\" \/><\/a><\/figure><\/li><li class=\"blocks-gallery-item\"><figure><a href=\"https:\/\/xn--paddelclub-berlingen-zec.de\/?attachment_id=2905\"><img loading=\"lazy\" decoding=\"async\" width=\"1600\" height=\"1200\" src=\"https:\/\/xn--paddelclub-berlingen-zec.de\/wp-content\/uploads\/2021\/02\/K1600_P1040345.jpg\" alt=\"\" data-id=\"2905\" data-full-url=\"https:\/\/xn--paddelclub-berlingen-zec.de\/wp-content\/uploads\/2021\/02\/K1600_P1040345.jpg\" data-link=\"https:\/\/xn--paddelclub-berlingen-zec.de\/?attachment_id=2905\" class=\"wp-image-2905\" srcset=\"https:\/\/xn--paddelclub-berlingen-zec.de\/wp-content\/uploads\/2021\/02\/K1600_P1040345.jpg 1600w, https:\/\/xn--paddelclub-berlingen-zec.de\/wp-content\/uploads\/2021\/02\/K1600_P1040345-300x225.jpg 300w, https:\/\/xn--paddelclub-berlingen-zec.de\/wp-content\/uploads\/2021\/02\/K1600_P1040345-1024x768.jpg 1024w, https:\/\/xn--paddelclub-berlingen-zec.de\/wp-content\/uploads\/2021\/02\/K1600_P1040345-768x576.jpg 768w, https:\/\/xn--paddelclub-berlingen-zec.de\/wp-content\/uploads\/2021\/02\/K1600_P1040345-1536x1152.jpg 1536w, https:\/\/xn--paddelclub-berlingen-zec.de\/wp-content\/uploads\/2021\/02\/K1600_P1040345-624x468.jpg 624w, https:\/\/xn--paddelclub-berlingen-zec.de\/wp-content\/uploads\/2021\/02\/K1600_P1040345-1320x990.jpg 1320w\" sizes=\"auto, (max-width: 1600px) 100vw, 1600px\" \/><\/a><\/figure><\/li><li class=\"blocks-gallery-item\"><figure><a href=\"https:\/\/xn--paddelclub-berlingen-zec.de\/?attachment_id=2906\"><img loading=\"lazy\" decoding=\"async\" width=\"1600\" height=\"1200\" src=\"https:\/\/xn--paddelclub-berlingen-zec.de\/wp-content\/uploads\/2021\/02\/K1600_P1040354.jpg\" alt=\"\" data-id=\"2906\" data-full-url=\"https:\/\/xn--paddelclub-berlingen-zec.de\/wp-content\/uploads\/2021\/02\/K1600_P1040354.jpg\" data-link=\"https:\/\/xn--paddelclub-berlingen-zec.de\/?attachment_id=2906\" class=\"wp-image-2906\" srcset=\"https:\/\/xn--paddelclub-berlingen-zec.de\/wp-content\/uploads\/2021\/02\/K1600_P1040354.jpg 1600w, https:\/\/xn--paddelclub-berlingen-zec.de\/wp-content\/uploads\/2021\/02\/K1600_P1040354-300x225.jpg 300w, https:\/\/xn--paddelclub-berlingen-zec.de\/wp-content\/uploads\/2021\/02\/K1600_P1040354-1024x768.jpg 1024w, https:\/\/xn--paddelclub-berlingen-zec.de\/wp-content\/uploads\/2021\/02\/K1600_P1040354-768x576.jpg 768w, https:\/\/xn--paddelclub-berlingen-zec.de\/wp-content\/uploads\/2021\/02\/K1600_P1040354-1536x1152.jpg 1536w, https:\/\/xn--paddelclub-berlingen-zec.de\/wp-content\/uploads\/2021\/02\/K1600_P1040354-624x468.jpg 624w, https:\/\/xn--paddelclub-berlingen-zec.de\/wp-content\/uploads\/2021\/02\/K1600_P1040354-1320x990.jpg 1320w\" sizes=\"auto, (max-width: 1600px) 100vw, 1600px\" \/><\/a><\/figure><\/li><li class=\"blocks-gallery-item\"><figure><a href=\"https:\/\/xn--paddelclub-berlingen-zec.de\/?attachment_id=2907\"><img loading=\"lazy\" decoding=\"async\" width=\"1600\" height=\"1200\" src=\"https:\/\/xn--paddelclub-berlingen-zec.de\/wp-content\/uploads\/2021\/02\/K1600_P1040372.jpg\" alt=\"\" data-id=\"2907\" data-full-url=\"https:\/\/xn--paddelclub-berlingen-zec.de\/wp-content\/uploads\/2021\/02\/K1600_P1040372.jpg\" data-link=\"https:\/\/xn--paddelclub-berlingen-zec.de\/?attachment_id=2907\" class=\"wp-image-2907\" srcset=\"https:\/\/xn--paddelclub-berlingen-zec.de\/wp-content\/uploads\/2021\/02\/K1600_P1040372.jpg 1600w, https:\/\/xn--paddelclub-berlingen-zec.de\/wp-content\/uploads\/2021\/02\/K1600_P1040372-300x225.jpg 300w, https:\/\/xn--paddelclub-berlingen-zec.de\/wp-content\/uploads\/2021\/02\/K1600_P1040372-1024x768.jpg 1024w, https:\/\/xn--paddelclub-berlingen-zec.de\/wp-content\/uploads\/2021\/02\/K1600_P1040372-768x576.jpg 768w, https:\/\/xn--paddelclub-berlingen-zec.de\/wp-content\/uploads\/2021\/02\/K1600_P1040372-1536x1152.jpg 1536w, https:\/\/xn--paddelclub-berlingen-zec.de\/wp-content\/uploads\/2021\/02\/K1600_P1040372-624x468.jpg 624w, https:\/\/xn--paddelclub-berlingen-zec.de\/wp-content\/uploads\/2021\/02\/K1600_P1040372-1320x990.jpg 1320w\" sizes=\"auto, (max-width: 1600px) 100vw, 1600px\" \/><\/a><\/figure><\/li><li class=\"blocks-gallery-item\"><figure><a href=\"https:\/\/xn--paddelclub-berlingen-zec.de\/?attachment_id=2908\"><img loading=\"lazy\" decoding=\"async\" width=\"1600\" height=\"1200\" src=\"https:\/\/xn--paddelclub-berlingen-zec.de\/wp-content\/uploads\/2021\/02\/K1600_P1040380.jpg\" alt=\"\" data-id=\"2908\" data-full-url=\"https:\/\/xn--paddelclub-berlingen-zec.de\/wp-content\/uploads\/2021\/02\/K1600_P1040380.jpg\" data-link=\"https:\/\/xn--paddelclub-berlingen-zec.de\/?attachment_id=2908\" class=\"wp-image-2908\" srcset=\"https:\/\/xn--paddelclub-berlingen-zec.de\/wp-content\/uploads\/2021\/02\/K1600_P1040380.jpg 1600w, https:\/\/xn--paddelclub-berlingen-zec.de\/wp-content\/uploads\/2021\/02\/K1600_P1040380-300x225.jpg 300w, https:\/\/xn--paddelclub-berlingen-zec.de\/wp-content\/uploads\/2021\/02\/K1600_P1040380-1024x768.jpg 1024w, https:\/\/xn--paddelclub-berlingen-zec.de\/wp-content\/uploads\/2021\/02\/K1600_P1040380-768x576.jpg 768w, https:\/\/xn--paddelclub-berlingen-zec.de\/wp-content\/uploads\/2021\/02\/K1600_P1040380-1536x1152.jpg 1536w, https:\/\/xn--paddelclub-berlingen-zec.de\/wp-content\/uploads\/2021\/02\/K1600_P1040380-624x468.jpg 624w, https:\/\/xn--paddelclub-berlingen-zec.de\/wp-content\/uploads\/2021\/02\/K1600_P1040380-1320x990.jpg 1320w\" sizes=\"auto, (max-width: 1600px) 100vw, 1600px\" \/><\/a><\/figure><\/li><li class=\"blocks-gallery-item\"><figure><a href=\"https:\/\/xn--paddelclub-berlingen-zec.de\/?attachment_id=2909\"><img loading=\"lazy\" decoding=\"async\" width=\"1600\" height=\"1200\" src=\"https:\/\/xn--paddelclub-berlingen-zec.de\/wp-content\/uploads\/2021\/02\/K1600_P1040398.jpg\" alt=\"\" data-id=\"2909\" data-full-url=\"https:\/\/xn--paddelclub-berlingen-zec.de\/wp-content\/uploads\/2021\/02\/K1600_P1040398.jpg\" data-link=\"https:\/\/xn--paddelclub-berlingen-zec.de\/?attachment_id=2909\" class=\"wp-image-2909\" srcset=\"https:\/\/xn--paddelclub-berlingen-zec.de\/wp-content\/uploads\/2021\/02\/K1600_P1040398.jpg 1600w, https:\/\/xn--paddelclub-berlingen-zec.de\/wp-content\/uploads\/2021\/02\/K1600_P1040398-300x225.jpg 300w, https:\/\/xn--paddelclub-berlingen-zec.de\/wp-content\/uploads\/2021\/02\/K1600_P1040398-1024x768.jpg 1024w, https:\/\/xn--paddelclub-berlingen-zec.de\/wp-content\/uploads\/2021\/02\/K1600_P1040398-768x576.jpg 768w, https:\/\/xn--paddelclub-berlingen-zec.de\/wp-content\/uploads\/2021\/02\/K1600_P1040398-1536x1152.jpg 1536w, https:\/\/xn--paddelclub-berlingen-zec.de\/wp-content\/uploads\/2021\/02\/K1600_P1040398-624x468.jpg 624w, https:\/\/xn--paddelclub-berlingen-zec.de\/wp-content\/uploads\/2021\/02\/K1600_P1040398-1320x990.jpg 1320w\" sizes=\"auto, (max-width: 1600px) 100vw, 1600px\" \/><\/a><\/figure><\/li><li class=\"blocks-gallery-item\"><figure><a href=\"https:\/\/xn--paddelclub-berlingen-zec.de\/?attachment_id=2910\"><img loading=\"lazy\" decoding=\"async\" width=\"1600\" height=\"1200\" src=\"https:\/\/xn--paddelclub-berlingen-zec.de\/wp-content\/uploads\/2021\/02\/K1600_P1040404.jpg\" alt=\"\" data-id=\"2910\" data-full-url=\"https:\/\/xn--paddelclub-berlingen-zec.de\/wp-content\/uploads\/2021\/02\/K1600_P1040404.jpg\" data-link=\"https:\/\/xn--paddelclub-berlingen-zec.de\/?attachment_id=2910\" class=\"wp-image-2910\" srcset=\"https:\/\/xn--paddelclub-berlingen-zec.de\/wp-content\/uploads\/2021\/02\/K1600_P1040404.jpg 1600w, https:\/\/xn--paddelclub-berlingen-zec.de\/wp-content\/uploads\/2021\/02\/K1600_P1040404-300x225.jpg 300w, https:\/\/xn--paddelclub-berlingen-zec.de\/wp-content\/uploads\/2021\/02\/K1600_P1040404-1024x768.jpg 1024w, https:\/\/xn--paddelclub-berlingen-zec.de\/wp-content\/uploads\/2021\/02\/K1600_P1040404-768x576.jpg 768w, https:\/\/xn--paddelclub-berlingen-zec.de\/wp-content\/uploads\/2021\/02\/K1600_P1040404-1536x1152.jpg 1536w, https:\/\/xn--paddelclub-berlingen-zec.de\/wp-content\/uploads\/2021\/02\/K1600_P1040404-624x468.jpg 624w, https:\/\/xn--paddelclub-berlingen-zec.de\/wp-content\/uploads\/2021\/02\/K1600_P1040404-1320x990.jpg 1320w\" sizes=\"auto, (max-width: 1600px) 100vw, 1600px\" \/><\/a><\/figure><\/li><\/ul><\/figure>\n","protected":false},"excerpt":{"rendered":"<p>20.04.-26.04.2019 Mit dem Kanuverband BW am Krossinsee an Ostern 2019Ende April fuhren Annette und Timo zur Verbandsfahrt an den Krossinsee vor denToren Berlins.Soviel vorweg: Es war eine wunderbare Erfahrung, 6 Paddeltage aufverwunschenen Kan\u00e4len, \u00fcber unz\u00e4hlbar viele kleine und gr\u00f6\u00dfere Seen, durchstille Natur oder mitten durch die Gro\u00dfstadt. Jeder Tag ein anderesgro\u00dfartiges Erlebnis.\u00dcber 100 Teilnehmer waren [&hellip;]<\/p>\n","protected":false},"author":1,"featured_media":0,"parent":2889,"menu_order":0,"comment_status":"closed","ping_status":"closed","template":"","meta":{"footnotes":""},"class_list":["post-2893","page","type-page","status-publish","hentry"],"_links":{"self":[{"href":"https:\/\/xn--paddelclub-berlingen-zec.de\/index.php?rest_route=\/wp\/v2\/pages\/2893","targetHints":{"allow":["GET"]}}],"collection":[{"href":"https:\/\/xn--paddelclub-berlingen-zec.de\/index.php?rest_route=\/wp\/v2\/pages"}],"about":[{"href":"https:\/\/xn--paddelclub-berlingen-zec.de\/index.php?rest_route=\/wp\/v2\/types\/page"}],"author":[{"embeddable":true,"href":"https:\/\/xn--paddelclub-berlingen-zec.de\/index.php?rest_route=\/wp\/v2\/users\/1"}],"replies":[{"embeddable":true,"href":"https:\/\/xn--paddelclub-berlingen-zec.de\/index.php?rest_route=%2Fwp%2Fv2%2Fcomments&post=2893"}],"version-history":[{"count":8,"href":"https:\/\/xn--paddelclub-berlingen-zec.de\/index.php?rest_route=\/wp\/v2\/pages\/2893\/revisions"}],"predecessor-version":[{"id":2920,"href":"https:\/\/xn--paddelclub-berlingen-zec.de\/index.php?rest_route=\/wp\/v2\/pages\/2893\/revisions\/2920"}],"up":[{"embeddable":true,"href":"https:\/\/xn--paddelclub-berlingen-zec.de\/index.php?rest_route=\/wp\/v2\/pages\/2889"}],"wp:attachment":[{"href":"https:\/\/xn--paddelclub-berlingen-zec.de\/index.php?rest_route=%2Fwp%2Fv2%2Fmedia&parent=2893"}],"curies":[{"name":"wp","href":"https:\/\/api.w.org\/{rel}","templated":true}]}}